ose -3*q = -0*q. Suppose 4*r + 0*r + 2*g - 18 = q, -3*r + 27 = -3*g. Calculate the highest common divisor of r and 42.
6
Let z be 1/4 - (-798)/8. Calculate the greatest common divisor of 25 and z.
25
Let q be (-76 - -1 - 2)/(-1). Let p(o) = o + 4. Let t be p(-2). Suppose -13 = -t*w + q. What is the highest common factor of 5 and w?
5
Let l = 4 - -5. Suppose 15 = 5*q - z, 5*z - 8 = 2*q + l. What is the highest common factor of q and 4?
4
Let f = 14 - 8. Suppose y - 55 = f*y. Let k = y + 20. Calculate the greatest common factor of 90 and k.
9
Let j = 5 + -6. Let h(i) = -292*i. Let r be h(j). Let l = r + -204. What is the highest common factor of 8 and l?
8
Let g(h) = h**2 + 5*h + 30. Let p be g(0). What is the highest common factor of p and 3?
3
Let h(i) = i**3 - 3*i - 5. Let w be h(3). Calculate the highest common factor of w and 13.
13
Let l(r) = r**2 + 4*r - 4. Let s be l(-7). Let t(n) = -n**2 + 5*n - 4. Let i be t(4). Suppose i = -u + 47 + 21. What is the greatest common divisor of s and u?
17
Suppose 3*b - 275 = -5*z, -445 = b - 6*b + 5*z. What is the highest common factor of 10 and b?
10
Let b = -5 - -8. Let z be (b - 2)*(3 - 2). Suppose -4*c = -13 + z. What is the greatest common factor of c and 21?
3
Let q = 6 + -1. Suppose q*u = 3*a - 185, 0*u = u + 4. What is the greatest common divisor of a and 22?
11
Let q(p) = p**3 - 7*p**2 + 8*p - 4. Let g be q(6). Let s = g - 13. Let l = -2 - s. What is the greatest common factor of 2 and l?
1
Let z be (-4 + 3)/((-1)/5). Suppose -u + 4*q = -z*u - 20, u = q - 3. Let c = u - -10. Calculate the highest common divisor of 60 and c.
6
Let v = -427 - -612. Suppose -3*h + c + 3*c = 338, -c = -3*h - 332. Let n = v + h. Calculate the highest common divisor of 15 and n.
15
Let k(p) be the third derivative of p**5/20 - 5*p**4/12 + p**3/6 + p**2. Let h be k(9). What is the greatest common divisor of h and 14?
14
Suppose 1 = 3*t - 20. Let z = -8 + t. Let o be z - (-5 - (0 + 0)). Calculate the highest common divisor of o and 8.
4
Let b be (36/30)/(3/10). Suppose -46 = -2*d - 2*g, g - 74 = -b*d + 3*g. What is the greatest common factor of 5 and d?
5
Let m(q) = q**3 - 6*q**2 - 2*q + 6. Let g be m(6). Let x be (2 - -22)/((-9)/g). Suppose j = -j + x. What is the highest common divisor of 88 and j?
8
Let y be -4*((-9)/(-12) + -1). Let n be -1*(y - 2)*0. Suppose 3*t - 5*t + 2*x + 18 = 0, 2*t + 4*x + 12 = n. What is the highest common divisor of 2 and t?
2
Suppose h - 2*w - 31 = 0, 4*h - 2*h = 5*w + 60. Suppose 2*c + 75 = -s + 6*s, -4*s + 20 = 0. Let k = -18 - c. What is the highest common factor of k and h?
7
Let y be 434/(-10) - (-4)/10. Let s = y + 95. Let u be ((-1)/2)/((-2)/52). What is the highest common divisor of u and s?
13
Suppose 3*z + 2*t + 59 = 141, -5*z = 5*t - 130. Calculate the greatest common divisor of z and 75.
15
Let z(c) = c**3 + 9*c**2 - 9*c + 14. Let v be z(-10). What is the greatest common factor of v and 2?
2
Let c be (-4 - -2) + (11 - 1). Suppose -x - x + 4 = 0. Let h be (6 - 7)/(x/(-16)). What is the greatest common factor of c and h?
8
Let d be (1 - -2)*4/3. Let k(l) = -l**3 + 4*l**2 + l. Let u be k(d). Suppose u*x - 216 = x. What is the highest common factor of x and 9?
9
Let o(h) = 6*h. Let f(c) be the first derivative of c**2/2 - c - 1. Let q(w) = -3*f(w) + o(w). Let i be q(7). Calculate the highest common divisor of 36 and i.
12
Let k(y) = -2*y**2 - 27*y - 1. Let d be k(-11). What is the greatest common factor of 135 and d?
27
Let c = -16 + 25. Let t be (-39)/(-26) - (-1)/2. Suppose -t*u + 5*u = 81. What is the greatest common factor of c and u?
9
Let u = -27 + 42. Let o = 4 + -1. Suppose -3*f = -m, 4*m - 37 = 4*f + o. Calculate the highest common divisor of m and u.
15
Let g(x) = -x**3 - 6*x**2 + 4*x + 9. Let c be g(-7). What is the highest common factor of 12 and c?
6
Suppose 2*q - 2*u = 7*q - 45, -q + 2*u = -21. Let h = q + 59. Suppose 14 = 4*x - h. Calculate the greatest common factor of x and 14.
7
Let d be 1181/13 + (-6)/(-39). Suppose -6*v - 5*p + 62 = -2*v, 0 = -4*v - p + 54. Calculate the greatest common divisor of d and v.
13
Suppose 0 = -4*p + 4*j + 248, -3*p + 172 = -2*j - 9. Suppose 4*t = p + 47. Calculate the highest common divisor of t and 65.
13
Let g(w) = -w**2 - 20*w - 4. Let f be g(-19). What is the greatest common divisor of f and 75?
15
Let t be 72 + -5 + -1*2. Let u = 168 + -48. Let k = u - t. What is the greatest common divisor of 5 and k?
5
Let v(a) = -3*a + 40. Let r be v(4). What is the highest common divisor of 70 and r?
14
Let g be 0/(-2) - (-20)/2. Suppose 0*r + 2*r - 20 = 0. Calculate the greatest common factor of g and r.
10
Let n be (-1 + 5/2)/(12/280). What is the highest common divisor of n and 5?
5
Let z be (-1)/3*(-34 - -1). Let r = z - 7. Let a be ((-10)/(-3))/((-1)/(-6)). What is the highest common divisor of r and a?
4
Let m(c) = 7*c + 4. Let u be m(5). Suppose 4*f = 5*f - 4. Let p = f + 22. Calculate the highest common divisor of p and u.
13
Let b be 640/(-30)*(-3)/2. What is the greatest common factor of b and 8?
8
Let n = 14 - 11. Suppose -89 = -n*p - 3*b - 2*b, -3*b + 59 = 2*p. What is the greatest common divisor of 7 and p?
7
Let m be 8/(-3)*(-495)/60. Calculate the highest common divisor of 2 and m.
2
Let b(q) = -q. Let u(i) = i**2 + 6*i + 4. Let a(s) = b(s) + u(s). Let l be a(-5). Suppose 0*m = -l*m + 52. What is the greatest common divisor of 26 and m?
13
Suppose 5*p + 0*f = -2*f + 33, 0 = 3*f - 12. Calculate the highest common divisor of p and 50.
5
Suppose -3*w = -2*w - 2. Let c(v) = -w*v - 2*v + v + 3 + 6*v**2. Let h be c(-3). What is the highest common factor of 44 and h?
22
Let x = 122 - 47. Let m be (0 + -2)/(-2)*x. Calculate the highest common factor of 25 and m.
25
Suppose -r + 12 = -2. Let d be 19 + -4 + (4 - -2). Calculate the highest common divisor of r and d.
7
Let c be (-3)/12 + (-17)/(-4). Calculate the greatest common divisor of 1 and c.
1
Let k(z) = 0*z**2 - 3*z + z**2 + 2*z**2. Let o = -5 - -2. Let j be k(o). What is the highest common factor of j and 12?
12
Let c(w) = -w**2 - 8*w + 8. Let x = -27 - -19. Let h be c(x). What is the highest common factor of 32 and h?
8
Let z be 12*2/(-12)*-2. Suppose -z*o - o + 595 = 0. Let n(d) = d**2 + 4*d - 4. Let i be n(-7). What is the greatest common divisor of o and i?
17
Let l = 5 - -8. Let u be 2/3 - 230/(-6). What is the highest common factor of u and l?
13
Let y be -6 + 6 + (3 - -1). Let p be (-10)/y*4/(-5). What is the greatest common factor of p and 4?
2
Let j(v) = -55*v + 2. Let l be j(-2). Suppose -5*s - 3 = -83. What is the greatest common divisor of l and s?
16
Let v(j) be the second derivative of -j**3/6 + j**2/2 - j. Let r be v(0). Let d be 15 - ((-1 - r) + 1). What is the highest common divisor of d and 16?
16
Let n = -21 - -45. Let q be (-7 + 0)*n/(-7). What is the greatest common factor of 6 and q?
6
Let g be 122/14 - 2/(-7). Suppose 5*h = -2*k + 27, 5*k - h - h - 24 = 0. What is the greatest common divisor of g and k?
3
Let h = -4 - -14. Calculate the greatest common divisor of 4 and h.
2
Let r(y) = -y**3 - 8*y**2 + 7*y + 7. Let z be r(-9). What is the highest common divisor of z and 225?
25
Suppose 4*r - 40 + 0 = 0. Let i be (-489)/(-6) + 3/(-2). Calculate the highest common factor of r and i.
10
Let t be (2 - -380)/2 + 1 + 0. Calculate the highest common divisor of t and 24.
24
Let o be 644/32 - (-2)/(-16). What is the greatest common divisor of o and 8?
4
Suppose 4*g = -n + 82, 0*n - 13 = -g - 4*n. Let u(t) = -28*t + 2. Let f be u(4). Let o = f - -278. Calculate the highest common factor of g and o.
21
Suppose 25 = h - 2*k + 2, 4*h - 112 = -2*k. Let c(f) = 18*f**2. Let p = 9 + -10. Let j be c(p). What is the greatest common factor of h and j?
9
Let g = 2 + 0. Suppose 3*r = -g*r + 120. Calculate the highest common divisor of 60 and r.
12
Suppose -11*b + 182 = -3118. Calculate the highest common factor of 15 and b.
15
Let f = -33 - -82. Let q(l) = -l**2 - 15*l - 28. Let t be q(-12). Suppose 15 = 4*s + 4*b - f, -5*b = -3*s + t. What is the greatest common divisor of s and 77?
11
Let i be 4/(-2) - -1 - -16. Suppose -4*w - 21 = -7*w. Let v = i - w. Calculate the highest common factor of v and 4.
4
Let t(r) be the second derivative of r**4/12 + 5*r**3/6 + 3*r. Let g be